 of 1298248?
2, 7, 97, 239
What are the prime factors of 163149?
3, 7, 17, 457
What are the prime factors of 38366717?
557, 68881
List the prime factors of 2789809.
11, 127, 1997
List the prime factors of 421796.
2, 105449
What are the prime factors of 6249810?
2, 3, 5, 7, 29761
List the prime factors of 24675.
3, 5, 7, 47
What are the prime factors of 3661016?
2, 421, 1087
List the prime factors of 1445250.
2, 3, 5, 41, 47
List the prime factors of 361390.
2, 5, 71, 509
What are the prime factors of 193500?
2, 3, 5, 43
What are the prime factors of 62173?
79, 787
List the prime factors of 485320.
2, 5, 11, 1103
List the prime factors of 5237773.
131, 39983
List the prime factors of 11962294.
2, 421, 14207
What are the prime factors of 18397074?
2, 3, 31, 98909
What are the prime factors of 496664?
2, 7, 181
What are the prime factors of 535831?
23, 23297
What are the prime factors of 26432?
2, 7, 59
List the prime factors of 7619542.
2, 7, 167, 3259
What are the prime factors of 959667?
3, 17, 31, 607
What are the prime factors of 2527330?
2, 5, 13, 19441
What are the prime factors of 6172854?
2, 3, 1028809
What are the prime factors of 15095476?
2, 11, 31189
List the prime factors of 572402.
2, 29, 71, 139
What are the prime factors of 8445923?
17, 101, 4919
List the prime factors of 89119.
89119
What are the prime factors of 3588643?
227, 15809
List the prime factors of 289250.
2, 5, 13, 89
What are the prime factors of 3145643?
41, 73, 1051
What are the prime factors of 3727346?
2, 7, 266239
List the prime factors of 1178258.
2, 41, 14369
What are the prime factors of 1275466?
2, 43, 14831
List the prime factors of 576994.
2, 11, 26227
What are the prime factors of 464292?
2, 3, 1433
List the prime factors of 12464563.
12464563
List the prime factors of 257604.
2, 3, 21467
What are the prime factors of 2444417?
23, 106279
List the prime factors of 16801391.
16801391
List the prime factors of 514825.
5, 20593
What are the prime factors of 799152?
2, 3, 16649
List the prime factors of 507295.
5, 71, 1429
What are the prime factors of 13201346?
2, 53, 124541
List the prime factors of 903011.
47, 19213
List the prime factors of 3822156.
2, 3, 13, 8167
What are the prime factors of 300279?
3, 7, 79, 181
List the prime factors of 25832601.
3, 106307
What are the prime factors of 5922411?
3, 11, 197, 911
What are the prime factors of 1817459?
7, 29, 1279
What are the prime factors of 324959?
107, 3037
List the prime factors of 580852.
2, 145213
List the prime factors of 20469174.
2, 3, 11, 523, 593
What are the prime factors of 372826?
2, 131, 1423
List the prime factors of 6168224.
2, 192757
What are the prime factors of 588047?
17, 34591
List the prime factors of 19746005.
5, 61, 101, 641
List the prime factors of 696797.
419, 1663
What are the prime factors of 1385068?
2, 71, 4877
List the prime factors of 1705788.
2, 3, 7, 967
List the prime factors of 5702743.
199, 28657
List the prime factors of 1240982.
2, 620491
List the prime factors of 460834.
2, 11, 20947
List the prime factors of 16042758.
2, 3, 2673793
List the prime factors of 5834121.
3, 19, 5387
What are the prime factors of 912606?
2, 3, 89, 1709
List the prime factors of 4789228.
2, 1197307
What are the prime factors of 915192?
2, 3, 19, 223
List the prime factors of 619574.
2, 23, 13469
What are the prime factors of 3980368?
2, 7, 5077
What are the prime factors of 8048352?
2, 3, 13, 6449
What are the prime factors of 505852?
2, 17, 43, 173
What are the prime factors of 589995?
3, 5, 7, 1873
List the prime factors of 175253.
13, 17, 61
What are the prime factors of 399324?
2, 3, 107, 311
List the prime factors of 2273778.
2, 3, 13, 41, 79
What are the prime factors of 125160?
2, 3, 5, 7, 149
What are the prime factors of 4800371?
401, 11971
What are the prime factors of 145695?
3, 5, 11, 883
What are the prime factors of 180180?
2, 3, 5, 7, 11, 13
What are the prime factors of 3316287?
3, 13, 31, 211
What are the prime factors of 1131481?
13, 87037
List the prime factors of 650324.
2, 367, 443
List the prime factors of 2635588.
2, 658897
What are the prime factors of 291324?
2, 3, 11, 2207
List the prime factors of 160637.
160637
List the prime factors of 454599.
3, 113, 149
What are the prime factors of 4646717?
1031, 4507
What are the prime factors of 5891798?
2, 11, 31, 53, 163
List the prime factors of 785837.
13, 60449
List the prime factors of 2426917.
1021, 2377
What are the prime factors of 115196?
2, 31, 929
List the prime factors of 5777421.
3, 13, 148139
What are the prime factors of 179585?
5, 7, 733
List the prime factors of 7263167.
139, 52253
What are the prime factors of 325702?
2, 13, 12527
What are the prime factors of 1042277?
43, 24239
List the prime factors of 3115500.
2, 3, 5, 31, 67
List the prime factors of 523500.
2, 3, 5, 349
What are the prime factors of 3267503?
53, 61651
What are the prime factors of 3030643?
7, 11, 39359
What are the prime factors of 292687?
487, 601
What are the prime factors of 1202135?
5, 11, 1987
What are the prime factors of 16135011?
3, 597593
What are the prime factors of 15112283?
31, 353, 1381
What are the prime factors of 411076?
2, 102769
What are the prime factors of 4883527?
11, 109, 4073
List the prime factors of 3127516.
2, 7, 111697
List the prime factors of 277187.
109, 2543
List the prime factors of 1849632.
2, 3, 19267
List the prime factors of 563999.
563999
List the prime factors of 1555650.
2, 3, 5, 3457
List the prime factors of 2270717.
2270717
What are the prime factors of 374806?
2, 193, 971
List the prime factors of 690282.
2, 3, 4261
List the prime factors of 219347.
401, 547
What are the prime factors of 514397?
13, 39569
What are the prime factors of 6093?
3, 677
What are the prime factors of 15707715?
3, 5, 41, 25541
List the prime factors of 17195414.
2, 8597707
What are the prime factors of 22705?
5, 19, 239
List the prime factors of 2433436.
2, 608359
List the prime factors of 301401.
3, 61
What are the prime factors of 18234292?
2, 1579, 2887
What are the prime factors of 348647?
13, 2063
List the prime factors of 62120.
2, 5, 1553
What are the prime factors of 148575?
3, 5, 7, 283
What are the prime factors of 21659859?
3, 13, 23, 2683
What are the prime factors of 2059333?
373, 5521
What are the prime factors of 271340?
2, 5, 13567
What are the prime factors of 2859722?
2, 1429861
What are the prime factors of 61596?
2, 3, 29, 59
What are the prime factors of 2504045?
5, 500809
What are the prime factors of 162003?
3, 54001
List the prime factors of 24950.
2, 5, 499
List the prime factors of 11124950.
2, 5, 222499
What are the prime factors of 54931?
163, 337
What are the prime factors of 260778?
2, 3, 7, 887
List the prime factors of 668237.
211, 3167
What are the prime factors of 192438?
2, 3, 10691
List the prime factors of 52480.
2, 5, 41
What are the prime factors of 2912334?
2, 3, 485389
What are the prime factors of 693470?
2, 5, 31, 2237
What are the prime factors of 333203?
13, 19, 71
What are the prime factors of 515219?
17, 30307
List the prime factors of 1891897.
7, 270271
List the prime factors of 281871.
3, 31319
What are the prime factors of 10157340?
2, 3, 5, 41, 4129
List the prime factors of 11669190.
2, 3, 5, 13, 29921
What are the prime factors of 1452539?
11, 132049
What are the prime factors of 3718789?
3718789
What are the prime factors of 9960256?
2, 19, 8191
List the prime factors of 26055190.
2, 5, 7, 31, 12007
What are the prime factors of 2835655?
5, 19, 1571
What are the prime factors of 602596?
2, 150649
List the prime factors of 865536.
2, 3, 7, 23
What are the prime factors of 499427?
139, 3593
What are the prime factors of 2300293?
31, 74203
What are the prime factors of 547874?
2, 59, 4643
List the prime factors of 3602180.
2, 5, 233, 773
List the prime factors of 145397.
7, 20771
What are the prime factors of 6926543?
13, 532811
List the prime factors of 108337.
131, 827
What are the prime factors of 95945?
5, 31, 619
What are the prime factors of 5241196?
2, 269, 4871
What are the prime factors of 3649492?
2, 7, 11, 17, 41
List the prime factors of 200140.
2, 5, 10007
List the prime factors of 243149.
243149
What are the prime factors of 3460980?
2, 3, 5,